57220. Give m(-31).
6
Let h(f) = 49895*f - 698542. Determine h(14).
-12
Let z(r) = -1896*r - 1719704. Calculate z(-907).
-32
Let j(c) = 23426*c + 8386520. What is j(-358)?
12
Let g(d) = 4*d**3 + 47*d**2 - 32*d + 28. Calculate g(-13).
-401
Let r(q) = 1710*q - 13932. Give r(9).
1458
Let d(l) = -l**2 - 1683*l - 88040. Determine d(-54).
-74
Let u(c) = 262*c**2 - 5441*c - 119. Give u(21).
1162
Let n(i) = -71*i**3 + 5536*i**2 + 154*i + 131. Give n(78).
-25
Let g(k) = -2*k**2 - 25478*k - 1117155. Calculate g(-44).
5
Let o(h) = -h**3 - 45*h**2 - 643*h - 31747. Calculate o(-46).
-53
Let f(t) = t**3 + 24*t**2 - 121*t - 132. Determine f(-28).
120
Let j(b) = -b**2 - 916*b - 72145. Determine j(-87).
-22
Let l(q) = -15*q - 1091. Give l(-76).
49
Let v(d) = -d**2 + 945*d + 111064. What is v(-106)?
-342
Let a(p) = 111*p**3 - 1552*p**2 - 20*p + 24. What is a(14)?
136
Let z(v) = -171*v**3 - 42*v**2 - 62*v - 2. Determine z(-1).
189
Let l(f) = f**2 - 73*f - 3942. Give l(109).
-18
Let k(s) = -8*s**3 - 2448*s**2 + s + 302. Determine k(-306).
-4
Let z(g) = -16*g**3 + 119*g**2 + 107*g - 2. Determine z(-1).
26
Let b(l) = l**2 + 427*l - 5581. Calculate b(14).
593
Let p(g) = -335*g**2 - 22*g + 88. Give p(4).
-5360
Let b(t) = -t**3 - 89*t**2 - 35*t - 2639. Determine b(-89).
476
Let p(x) = 2*x**3 - 606*x**2 - 108*x + 32730. Give p(303).
6
Let l(t) = -27*t**3 + 10272*t**2 - 4558*t - 919. Determine l(380).
-159
Let a(y) = -6*y**2 - 6200*y - 43314. Give a(-7).
-208
Let s(q) = -3*q**2 + 682*q - 15177. Calculate s(25).
-2
Let a(w) = 2509*w - 57707. Give a(23).
0
Let v(c) = -c**2 + 554384*c + 7761576. Determine v(-14).
4
Let p(z) = 8*z**3 - 231*z**2 - 30*z - 61. Calculate p(29).
-90
Let k(z) = -z**3 - 59*z**2 + 1383*z - 27. Determine k(-77).
204
Let w(x) = x**3 + 429*x**2 - 27170*x - 4809. Determine w(-485).
41
Let i(u) = 49*u**3 - 1373*u**2 - 136*u + 4586. Give i(28).
-6
Let b(h) = -9*h**3 - h**2 - 16261*h - 16259. What is b(-1)?
10
Let v(g) = -2*g**3 - 279*g**2 - 2153*g + 9652. Give v(-131).
-42
Let j(d) = -d**3 - 224*d**2 - 7055*d + 491. Give j(-38).
-3
Let j(q) = 40*q - 12211. What is j(332)?
1069
Let f(s) = s**3 - 75*s**2 - 232*s - 160. Give f(78).
-4
Let f(v) = -197553*v + 23113698. Calculate f(117).
-3
Let m(o) = -375*o + 5016. What is m(13)?
141
Let a(v) = -792*v + 3930. Give a(5).
-30
Let o(s) = -s**3 - 37*s**2 - 51*s - 2992. What is o(-38)?
390
Let b(j) = -76582*j + 765853. Calculate b(10).
33
Let y(c) = -29*c**2 + 435*c - 248. Calculate y(15).
-248
Let n(m) = -10*m**2 - 1488*m + 9534. Calculate n(-155).
-76
Let p(s) = -26*s**3 + 34*s**2 - 41*s - 28. Calculate p(2).
-182
Let y(u) = -45*u**2 + 303*u + 63. Calculate y(6).
261
Let a(f) = -5*f**2 + 119*f - 161. Calculate a(2).
57
Let u(y) = -2*y**3 + 304*y**2 - 297*y + 376. What is u(151)?
1131
Let r(a) = a**3 - 22*a**2 + 3021*a - 62995. Calculate r(21).
5
Let t(h) = -961*h - 33673. Determine t(-35).
-38
Let z(x) = -174*x + 3491. Calculate z(21).
-163
Let y(p) = 181*p - 162. Give y(6).
924
Let b(v) = 316*v + 79356. Give b(-251).
40
Let r(q) = -2*q**3 - 66*q**2 + 3842*q + 126696. What is r(-33)?
-90
Let u(a) = -a**2 - 21416*a - 342383. What is u(-16)?
17
Let m(h) = -h**3 - 11*h**2 + 233*h + 2330. Give m(-9).
71
Let n(v) = 245*v + 2865. What is n(-23)?
-2770
Let m(u) = u**3 - 253*u**2 + 489*u + 3406. What is m(251)?
143
Let t(a) = -65*a**2 + 49*a - 86. Calculate t(2).
-248
Let c(k) = k**3 + 11*k**2 + 131*k + 1655. Determine c(-12).
-61
Let a(c) = c**2 + 24293*c + 97162. Give a(-4).
6
Let m(y) = -4*y**3 + 9*y**2 - 27*y - 5. Give m(3).
-113
Let a(l) = -2747*l + 22079. What is a(8)?
103
Let a(h) = h**2 - 39054*h - 585972. Calculate a(-15).
63
Let n(s) = s**2 + 371*s + 8935. Calculate n(-345).
-35
Let c(h) = 3741*h**2 - 33654*h - 200. Give c(9).
-65
Let l(h) = 1213*h + 35259. What is l(-29)?
82
Let n(a) = 4*a**2 + 608*a + 9449. Give n(-134).
-199
Let l(g) = -3*g**2 + 63*g + 6722. What is l(59)?
-4
Let d(l) = l**3 - 20*l**2 + 2163*l - 31346. Give d(15).
-26
Let h(f) = 14650*f + 87950. Calculate h(-6).
50
Let f(v) = 7548*v + 52804. Calculate f(-7).
-32
Let s(a) = 166*a - 18717. Give s(114).
207
Let z(h) = -3*h**3 + 902*h**2 - 7862*h - 112. Give z(9).
5
Let m(a) = 397*a**2 - 8730*a + 27. Determine m(22).
115
Let b(g) = 72*g**2 + 849*g + 783. Give b(-1).
6
Let o(r) = -4*r**2 - 1647*r + 10201. Calculate o(-418).
-249
Let j(d) = -627*d**2 - 24460*d - 239. Determine j(-39).
34
Let b(w) = -900*w**3 - 8097*w**2 + 30*w + 31. Calculate b(-9).
4
Let f(p) = 6*p**3 - 694*p**2 + 4555*p + 72. Calculate f(7).
9
Let p(d) = -398*d - 42333. Calculate p(-103).
-1339
Let l(n) = n**2 + 2040*n + 20053. Determine l(-10).
-247
Let x(b) = -29*b**2 - 1185*b + 1. What is x(-41)?
-163
Let j(r) = -2834*r - 841786. What is j(-297)?
-88
Let s(b) = b**3 + 342*b**2 + 23910*b - 201. Give s(-98).
-5
Let z(g) = -72920*g + 1020805. What is z(14)?
-75
Let k(c) = 18*c**3 + 13*c**2 - 99*c + 2. Calculate k(0).
2
Let s(k) = 549580*k + 4396612. What is s(-8)?
-28
Let d(c) = 869579*c + 26956946. Calculate d(-31).
-3
Let g(c) = -1014*c + 28099. Give g(28).
-293
Let b(o) = -5559*o + 105570. Give b(19).
-51
Let u(g) = 452*g - 5511. Calculate u(12).
-87
Let m(r) = 3*r**2 + 1312*r + 16883. Give m(-13).
334
Let w(u) = -u**3 - 62*u**2 - 359*u - 14310. Give w(-60).
30
Let l(j) = -298*j**2 + 2*j - 1310. Determine l(0).
-1310
Let k(o) = 2*o**2 - 1355*o - 29267. Determine k(-21).
70
Let j(w) = 7*w**3 - 11233*w**2 + 11246*w - 13. Determine j(1).
7
Let b(y) = 6668*y + 79975. What is b(-12)?
-41
Let o(f) = 35*f**2 - 486*f + 2113. Calculate o(13).
1710
Let x(f) = f**3 + 9*f**2 - 17*f - 375. What is x(-8)?
-175
Let c(t) = -34224*t + 68431. Give c(2).
-17
Let c(a) = -67*a**3 + 14*a**2 + 1983*a - 1997. Determine c(1).
-67
Let l(u) = u**2 + 67793*u - 4410818. Calculate l(65).
-48
Let h(y) = 15*y**3 - 47*y**2 + 230*y - 680. Give h(3).
-8
Let v(m) = -m**2 - 3*m + 440. Calculate v(18).
62
Let g(m) = m**2 - 67*m - 6714. Determine g(-55).
-4
Let l(q) = 51*q**2 + 2639*q + 5057. What is l(-2)?
-17
Let r(a) = 99576*a + 19915208. Determine r(-200).
8
Let g(v) = 217*v**2 + 1964*v - 1963. Calculate g(1).
218
Let c(g) = g**2 - 8*g - 2027. What is c(63)?
1438
Let y(x) = 32*x**2 + 5879*x - 7567. What is y(-185)?
18
Let j(w) = 1176*w - 812. Give j(1).
364
Let s(c) = -57*c**2 - c + 309. Determine s(-9).
-4299
Let u(v) = -1370*v - 20560. Determine u(-15).
-10
Let j(a) = 2*a**3 - 327*a**2 + 8807*a - 44. Determine j(34).
-10
Let n(r) = 51*r + 6328. Determine n(-135).
-557
Let i(z) = -4*z**3 + 8*z**2 - 168*z + 838. Determine i(5).
-302
Let m(h) = -h**3 + 212*h**2 - 251*h + 145364. Calculate m(214).
58
Let p(b) = -76*b**2 + 925*b - 160. Give p(12).
-4
Let u(d) = -842*d + 7483. Determine u(9).
-95
Let n(t) = 8*t**3 - 156*t**2 - 1907*t - 52. Give n(28).
-136
Let t(d) = -624875*d - 4998987. Calculate t(-8).
13
Let c(u) = 2*u**3 - 29*u**2 - 62*u + 232. What is c(16)?
8
Let z(r) = 21*r**2 + 165*r - 182. What is z(-13)?
1222
Let a(d) = -23*d**2 - 1539*d - 226. What is a(-67)?
-360
Let z(d) = -d**3 + 394*d**2 - 2708*d - 361. What is z(387)?
26
Let w(i) = -145748*i - 728730. Give w(-5).
10
Let w(s) = -2*s**3 + 14*s**2 + 202*s - 831. Determine w(4).
73
Let p(r) = r**3 + 14*r**2 - 26*r + 184. What is p(6)?
748
Let o(y) = 27*y**2 + 203*y - 635. Calculate o(3).
217
Let x(b) = -31*b + 71. Determine x(1).
40
Let z(f) = f**3 + 39*f**2 - 91*f - 498. Determine z(-41).
-129
Let j(q) = -112*q + 16902. Determine j(151).
-10
Let u(v) = -v**2 + 54*v - 953. Determine u(39).
-368
Let w(y) = y**3 - 10*y**2 - 6070*y + 89947. Give w(15).
22
Let k(w) = 4*w**2 - 54314*w + 325742. What is k(6)?
2
Let s(v) = -12*v**2 - 1961*v - 792. Calculate s(-161).
3877
Let h(n) = -n**3 + 8*n**2 - 261*n + 56. What is h(0)?
56
Let c(v) = -4966*v - 39718. Calculate c(-8).
10
Let x(r) = 609*r + 14613. Give x(-24).
-3
Let v(u) = 951920*u - 4759596. Calculate v(5).
4
Let c(b) = 41023*b + 4512535. What is c(-110)?
5
Let p(z) = -8*z**2 - 9595*z + 57873. Give p(6).
15
Let k(b) = 2*b**3 - 14*b**2 - 62*b - 334. Give k(11).
-48
Let u(t) = 52*t**2 - 2196*t + 145. Calculate u(42).
-359
Let a(p) = -2*p**2 - 21*p + 877. Give a(19).
-244
Let f(u) = -4*u**3 - 3*u**2 + 20*u. Determine f(-4).
128
Let t(d) = 47*d**2 - 1326*d + 2645. Calculate t(2).
181
Let k(u) = -160*u -